 of 2567 and 17?
17
What is the greatest common divisor of 548 and 351542?
274
Calculate the highest common factor of 46213 and 296.
37
What is the greatest common divisor of 65 and 373655?
5
Calculate the highest common factor of 524380 and 1336.
668
What is the highest common factor of 490 and 588?
98
Calculate the highest common factor of 416 and 23972.
52
Calculate the greatest common divisor of 9900 and 2304.
36
Calculate the greatest common divisor of 20 and 4930.
10
Calculate the greatest common factor of 682 and 1003563.
341
What is the greatest common factor of 88 and 42295?
11
What is the highest common divisor of 42126 and 7854?
714
Calculate the greatest common divisor of 768 and 24000.
192
Calculate the highest common factor of 3680 and 2185.
115
What is the greatest common divisor of 194442 and 138?
138
What is the greatest common factor of 277152 and 15?
3
What is the greatest common factor of 575637 and 204?
51
What is the highest common divisor of 279147 and 363?
363
Calculate the greatest common factor of 108494 and 51.
17
What is the highest common divisor of 1360 and 8976?
272
Calculate the highest common factor of 7579 and 13871.
143
Calculate the greatest common factor of 6942 and 3900.
78
What is the greatest common factor of 28159 and 6797?
971
Calculate the highest common factor of 3737 and 15958.
101
Calculate the highest common factor of 36 and 617124.
12
What is the highest common factor of 7906 and 47554?
118
What is the highest common divisor of 2220 and 1104820?
740
What is the greatest common divisor of 87 and 146247?
87
What is the greatest common factor of 848 and 17066?
106
Calculate the greatest common factor of 12 and 15342.
6
What is the greatest common factor of 215 and 2426963?
43
What is the greatest common factor of 16 and 586?
2
What is the highest common divisor of 33 and 506407?
11
Calculate the greatest common factor of 1272 and 1608.
24
Calculate the highest common divisor of 950 and 20800.
50
What is the highest common factor of 462 and 29589?
21
Calculate the greatest common divisor of 1092 and 611832.
156
What is the highest common divisor of 187 and 1771825?
187
Calculate the highest common divisor of 1550 and 63426.
62
Calculate the greatest common factor of 1520 and 1387.
19
What is the highest common factor of 60491 and 2651?
241
Calculate the greatest common divisor of 382 and 778.
2
Calculate the highest common factor of 172 and 37969.
43
What is the greatest common divisor of 214 and 4538?
2
Calculate the greatest common divisor of 24832 and 18042.
194
Calculate the greatest common divisor of 418145 and 63.
7
What is the greatest common factor of 7560 and 60?
60
Calculate the greatest common divisor of 66263 and 603.
67
What is the highest common factor of 819838 and 1118?
86
Calculate the highest common factor of 255 and 753117.
51
What is the highest common divisor of 64 and 3697272?
8
What is the highest common divisor of 249 and 68973?
249
What is the highest common divisor of 2576095 and 85?
85
What is the greatest common divisor of 1539 and 6384?
57
Calculate the highest common divisor of 10 and 968470.
10
What is the greatest common divisor of 182336 and 2331?
259
Calculate the greatest common factor of 95 and 4910.
5
What is the greatest common factor of 230 and 7406?
46
What is the highest common factor of 1734 and 323?
17
Calculate the greatest common divisor of 1519 and 8432.
31
What is the greatest common divisor of 1028662 and 445?
89
What is the highest common factor of 232 and 11992?
8
Calculate the greatest common divisor of 917 and 6370.
7
What is the greatest common divisor of 2368 and 1?
1
What is the greatest common divisor of 3621 and 255?
51
What is the highest common factor of 115 and 3375?
5
Calculate the highest common factor of 92 and 119117.
23
What is the greatest common factor of 654271 and 74?
37
Calculate the greatest common divisor of 9035 and 195.
65
Calculate the greatest common factor of 352 and 79288.
88
Calculate the greatest common factor of 3728 and 3436284.
932
Calculate the greatest common factor of 96 and 115088.
16
What is the highest common factor of 330 and 975?
15
What is the greatest common divisor of 24832 and 97?
97
Calculate the greatest common divisor of 374 and 158882.
34
Calculate the highest common factor of 358 and 537.
179
What is the highest common divisor of 681433 and 526?
263
Calculate the greatest common divisor of 1430258 and 103.
103
What is the highest common factor of 253 and 21791?
11
What is the highest common divisor of 44758 and 23?
23
Calculate the greatest common factor of 20430 and 14528.
454
What is the highest common divisor of 918 and 8727426?
918
Calculate the greatest common divisor of 183253 and 567.
7
Calculate the greatest common divisor of 876 and 767084.
292
What is the highest common divisor of 18 and 333?
9
What is the greatest common factor of 896 and 938?
14
Calculate the greatest common factor of 53636 and 7788.
44
Calculate the highest common factor of 510146 and 1456.
182
What is the greatest common divisor of 19 and 61598?
19
Calculate the highest common divisor of 52092 and 684.
36
Calculate the highest common factor of 10656 and 18.
18
What is the greatest common factor of 33203000 and 20?
20
What is the greatest common divisor of 425 and 6425?
25
What is the highest common factor of 2094 and 67706?
698
What is the greatest common divisor of 1568 and 16989?
7
Calculate the greatest common divisor of 2232 and 14632.
248
What is the greatest common divisor of 63 and 41503?
7
What is the highest common factor of 57 and 6536?
19
Calculate the greatest common factor of 2601 and 2890.
289
What is the highest common divisor of 15915 and 90?
15
Calculate the highest common divisor of 9576 and 16587.
171
Calculate the greatest common divisor of 8281 and 47.
1
What is the greatest common factor of 38252 and 4088?
292
What is the highest common factor of 38800 and 24?
8
Calculate the greatest common divisor of 55 and 52415.
55
What is the greatest common divisor of 5964 and 63924?
84
Calculate the greatest common factor of 74172 and 84.
84
What is the highest common factor of 5464075 and 10?
5
What is the highest common divisor of 17358 and 110?
22
Calculate the highest common factor of 2856 and 14511.
21
Calculate the highest common divisor of 603 and 42093.
9
What is the highest common factor of 109189 and 18769?
137
Calculate the greatest common factor of 628 and 54950.
314
Calculate the highest common divisor of 1245 and 7035.
15
Calculate the greatest common divisor of 1827 and 39991.
203
What is the greatest common divisor of 30076 and 56356?
292
Calculate the highest common divisor of 195864 and 42.
6
What is the highest common divisor of 59214 and 284?
142
Calculate the highest common factor of 12648 and 27336.
408
Calculate the greatest common divisor of 29 and 111157.
29
Calculate the greatest common factor of 97956 and 216.
108
What is the highest common divisor of 48460 and 180?
20
What is the greatest common factor of 1960633 and 1383?
461
Calculate the highest common divisor of 676 and 53911.
169
What is the highest common divisor of 758 and 4061743?
379
What is the greatest common factor of 3292467 and 43?
43
What is the highest common factor of 394 and 1518870?
394
What is the highest common factor of 4342 and 5344?
334
Calculate the highest common divisor of 268 and 7998728.
268
Calculate the highest common factor of 24 and 4476.
12
What is the greatest common factor of 510482 and 294?
98
What is the highest common divisor of 582 and 181196?
194
What is the highest common divisor of 14938 and 112?
14
What is the greatest common factor of 171760 and 12995?
565
Calculate the highest common divisor of 136 and 22151.
17
Calculate the greatest common divisor of 11 and 140459.
11
Calculate the greatest common divisor of 1126 and 1894.
2
What is the greatest common divisor of 69667 and 12259?
299
Calculate the greatest common divisor of 435 and 49170.
15
Calculate the highest common divisor of 1236032 and 4272.
1424
Calculate the greatest common divisor of 315 and 49035.
105
Calculate the highest common divisor of 738 and 25010.
82
Calculate the highest common factor of 8640 and 5520.
240
What